?
False
Is 232217 a multiple of 149?
False
Is 156 a factor of 1054092?
True
Is 241472 a multiple of 308?
True
Does 23 divide 7230991?
False
Is 218 a factor of 268513?
False
Is 68 a factor of 2204582?
False
Does 66 divide 3985458?
False
Does 71 divide 1709736?
False
Does 119 divide 322252?
True
Is 7635 a multiple of 15?
True
Does 96 divide 16403785?
False
Does 22 divide 579238?
True
Is 270400 a multiple of 104?
True
Is 110 a factor of 1095304?
False
Is 16 a factor of 1884432?
True
Is 13 a factor of 1473955?
False
Is 331488 a multiple of 22?
False
Is 136 a factor of 462546?
False
Does 11 divide 5005788?
False
Is 19 a factor of 325347?
False
Does 89 divide 247242?
True
Is 824 a factor of 2289896?
True
Is 77343 a multiple of 203?
True
Is 2858835 a multiple of 35?
True
Does 493 divide 12071068?
False
Is 18957 a multiple of 89?
True
Does 1433 divide 7210856?
True
Is 162712 a multiple of 43?
True
Is 192266 a multiple of 1159?
False
Is 12581640 a multiple of 360?
True
Is 8 a factor of 379551?
False
Is 33 a factor of 258222?
False
Is 114 a factor of 294348?
True
Does 5 divide 236967?
False
Does 43 divide 6620839?
True
Is 5 a factor of 8305?
True
Is 12095610 a multiple of 30?
True
Is 318968 a multiple of 52?
True
Is 12 a factor of 4358532?
True
Does 54 divide 268557?
False
Is 20185 a multiple of 107?
False
Is 139 a factor of 73531?
True
Does 121 divide 12515?
False
Does 685 divide 12315615?
True
Is 8742 a multiple of 10?
False
Does 247 divide 3338946?
True
Is 23522 a multiple of 19?
True
Is 63 a factor of 1835065?
False
Is 931062 a multiple of 11?
True
Is 281 a factor of 769915?
False
Is 229122 a multiple of 54?
True
Does 151 divide 681281?
False
Is 3200979 a multiple of 529?
True
Does 3 divide 23565?
True
Does 57 divide 6726?
True
Is 66 a factor of 4450623?
False
Is 710009 a multiple of 597?
False
Does 29 divide 9343677?
False
Does 78 divide 9744072?
True
Is 5 a factor of 3149?
False
Is 218 a factor of 24017661?
False
Is 84 a factor of 907452?
True
Does 13 divide 1736332?
True
Does 128 divide 391867?
False
Does 53 divide 335508?
False
Is 17 a factor of 402917?
True
Is 141 a factor of 319412?
False
Is 16 a factor of 391112?
False
Is 272400 a multiple of 120?
True
Is 20482 a multiple of 7?
True
Is 122 a factor of 46726?
True
Is 72107 a multiple of 10?
False
Does 172 divide 420330?
False
Is 223 a factor of 226050?
False
Is 563234 a multiple of 7?
True
Does 276 divide 658260?
True
Does 155 divide 143462?
False
Is 9207352 a multiple of 16?
False
Is 26 a factor of 635830?
True
Is 781050 a multiple of 25?
True
Is 158 a factor of 57464?
False
Does 21 divide 122613?
False
Does 1455 divide 1666703?
False
Is 187 a factor of 1065152?
True
Does 20 divide 1844260?
True
Is 22 a factor of 63184?
True
Does 537 divide 289980?
True
Is 1899 a factor of 7295099?
False
Does 103 divide 68907?
True
Does 36 divide 815540?
False
Is 108003 a multiple of 19?
False
Does 12 divide 295381?
False
Is 2 a factor of 374298?
True
Does 262 divide 657778?
False
Is 172 a factor of 6179448?
False
Is 113169 a multiple of 17?
True
Is 4574379 a multiple of 249?
True
Is 356 a factor of 1754039?
False
Is 300188 a multiple of 67?
False
Is 6262464 a multiple of 33?
False
Does 103 divide 3232552?
True
Is 6990063 a multiple of 841?
False
Does 82 divide 641240?
True
Does 35 divide 73525?
False
Is 5473296 a multiple of 764?
True
Is 99 a factor of 175329?
True
Is 133 a factor of 4881100?
True
Is 1398336 a multiple of 192?
True
Does 104 divide 349856?
True
Is 60 a factor of 12519660?
True
Is 320 a factor of 454720?
True
Is 198 a factor of 25344?
True
Is 945302 a multiple of 1359?
False
Is 1809745 a multiple of 723?
False
Is 273562 a multiple of 19?
True
Does 681 divide 1432143?
True
Is 13208 a multiple of 254?
True
Is 9570 a multiple of 87?
True
Does 12 divide 125472?
True
Does 282 divide 22842?
True
Does 184 divide 1269419?
False
Does 497 divide 590436?
True
Is 10 a factor of 8150120?
True
Is 66 a factor of 693801?
False
Does 121 divide 163533?
False
Is 65 a factor of 345410?
True
Is 112 a factor of 368657?
False
Is 89384 a multiple of 161?
False
Is 56149 a multiple of 74?
False
Is 226 a factor of 3487854?
False
Is 488554 a multiple of 106?
True
Is 196098 a multiple of 609?
True
Is 16 a factor of 1243952?
True
Is 50694 a multiple of 34?
True
Is 10468404 a multiple of 141?
True
Is 1327110 a multiple of 14?
False
Is 21 a factor of 253677?
False
Is 35 a factor of 142425?
False
Is 2 a factor of 192709?
False
Is 30 a factor of 938486?
False
Does 94 divide 128968?
True
Is 942126 a multiple of 134?
False
Is 14 a factor of 646844?
False
Does 34 divide 5548052?
True
Is 110561 a multiple of 2?
False
Is 243 a factor of 1791882?
True
Does 242 divide 434908?
False
Is 29 a factor of 4118435?
True
Does 17 divide 4654612?
False
Is 10 a factor of 9067963?
False
Is 329 a factor of 36848?
True
Is 232685 a multiple of 173?
True
Does 256 divide 317440?
True
Is 5746906 a multiple of 11?
True
Does 5 divide 160530?
True
Is 149 a factor of 2146470?
False
Is 34 a factor of 4921804?
False
Is 363 a factor of 431244?
True
Does 85 divide 166345?
True
Is 4914514 a multiple of 29?
True
Is 1170498 a multiple of 447?
False
Is 15 a factor of 96525?
True
Is 19 a factor of 545224?
True
Is 1091588 a multiple of 296?
False
Is 432 a factor of 7271418?
False
Is 434746 a multiple of 2?
True
Does 2 divide 1648474?
True
Does 443 divide 375664?
True
Does 110 divide 659450?
True
Is 2894304 a multiple of 876?
True
Does 104 divide 10801369?
False
Is 11 a factor of 42439?
False
Does 60 divide 131811?
False
Does 259 divide 145040?
True
Is 149 a factor of 479745?
False
Is 379815 a multiple of 23?
False
Is 112068 a multiple of 22?
True
Is 3 a factor of 25433?
False
Is 258240 a multiple of 192?
True
Is 153239 a multiple of 348?
False
Is 211038 a multiple of 17?
True
Does 80 divide 4158800?
True
Is 7508781 a multiple of 27?
True
Is 8 a factor of 131640?
True
Is 3632629 a multiple of 1337?
True
Does 465 divide 3486286?
False
Is 969568 a multiple of 203?
False
Does 446 divide 6699366?
True
Does 257 divide 580845?
False
Does 93 divide 1499315?
False
Does 9 divide 448416?
True
Is 11229348 a multiple of 13?
True
Does 11 divide 1376353?
True
Is 36549 a multiple of 31?
True
Is 17200260 a multiple of 110?
True
Is 34 a factor of 16488?
False
Is 4452570 a multiple of 621?
True
Is 496 a factor of 210937?
False
Is 126800 a multiple of 23?
False
Is 4096820 a multiple of 70?
True
Does 53 divide 7034041?
False
Is 1616762 a multiple of 161?
True
Does 82 divide 1976833?
False
Does 43 divide 105036?
False
Does 158 divide 4767644?
False
Does 40 divide 2639858?
False
Is 19 a factor of 11046?
False
Is 58552 even?
True
Is 3 a factor of 58751?
False
Is 776304 a multiple of 9?
True
Is 8 a factor of 310326?
False
Is 415 a factor of 33024040?
True
Is 15 a factor of 192191?
False
Does 190 divide 184337?
False
Is 88030 even?
True
Is 59766 a multiple of 6?
True
Is 1009812 a multiple of 114?
True
Is 150 a factor of 117599?
False
Is 680381 a multiple of 39?
False
Is 25 a factor of 3501707?
False
Does 137 divide 1589203?
False
Does 20 divide 112645?
False
Is 18 a factor of 1403332?
False
Does 86 divide 133644?
True
Does 64 divide 48512?
True
Does 260 divide 4165432?
False
Is 12 a factor of 45024?
True
Is 1938970 a multiple of 55?
True
Is 380905 a multiple of 26?
False
Is 860 a factor of 552980?
True
Is 1131184 a multiple of 7?
False
Is 638464 a multiple of 64?
True
Does 13 divide 22772150?
False
Is 67 a factor of 361015?
False
Is 41 a factor of 432723?
False
Is 1157411 a multiple of 233?
False
Does 168 divide 1319304?
True
Is 1280268 a multiple of 1166?
True
Does 97 divide 239396?
True
Does 12 divide 32551?
False
Is 32080 a multiple of 3?
False
Is 5153738 a multiple of 13?
False
Does 40 divide 168560?
True
Is 273 a factor of 2593500?
True
Does 39 divide 299832?
True
Is 10252 a multiple of 11?
True
Does 9 divide 34020?
True
Is 5628 a multiple of 42?
True
Is 627426 a multiple of 6?
True
Is 49 a factor of 243726?
True
Is 60 a factor of 5165700?
True
Does 13 divide 91546?
True
Is 1267833 a multiple of 733?
False
Does 61 divide 12627?
True
Is 3692632 a multiple of 8?
True
Does 51 divide 765355?
False
Is 11 a factor of 1452892?
False
Is 8 a factor of 4911?
False
Is 1314202 a multiple of 3